composite number?
False
Is 118744499 a composite number?
False
Is 16636703 a prime number?
False
Is 2269073 composite?
True
Is 29795513 a prime number?
False
Is 3308267 prime?
True
Is 16555691 a composite number?
True
Is 374149 prime?
True
Is 4270171 prime?
False
Is 2064317 prime?
True
Is 18414941 a prime number?
True
Is 58279109 a composite number?
True
Is 782176901 a composite number?
True
Is 11994739 prime?
False
Is 136475359 prime?
False
Is 37975573 prime?
True
Is 258563303 composite?
False
Is 1556041 composite?
True
Is 2014955 composite?
True
Is 772643015 prime?
False
Is 141568837 prime?
True
Is 820817 prime?
False
Is 5007313 a composite number?
False
Is 6803103 prime?
False
Is 5697257 prime?
True
Is 5576693 prime?
True
Is 649183 a composite number?
False
Is 19014473 a composite number?
False
Is 969977 composite?
False
Is 57158953 a prime number?
False
Is 60635953 prime?
False
Is 1797569 composite?
True
Is 18529783 composite?
True
Is 1548907 a composite number?
True
Is 28354737 composite?
True
Is 255947 composite?
False
Is 78191 a prime number?
True
Is 4251677 prime?
False
Is 1184867 composite?
False
Is 181763051 prime?
True
Is 408232889 prime?
False
Is 2771974 a composite number?
True
Is 85369331 prime?
True
Is 117208733 prime?
True
Is 36040373 prime?
True
Is 1212907 a prime number?
True
Is 196235107 prime?
True
Is 97642793 composite?
False
Is 594065977 prime?
True
Is 76336697 a composite number?
True
Is 1005649 a prime number?
False
Is 1007557 prime?
True
Is 5923669 composite?
False
Is 511297 a composite number?
False
Is 3493147 a composite number?
True
Is 182880437 prime?
False
Is 34776083 a prime number?
True
Is 2476351 composite?
False
Is 28967885 prime?
False
Is 4025517 prime?
False
Is 162231359 a composite number?
True
Is 17854117 prime?
True
Is 6448873 a prime number?
False
Is 151121147 a prime number?
False
Is 41153039 prime?
False
Is 86794 composite?
True
Is 43447 prime?
False
Is 17961721 a prime number?
True
Is 167580683 a composite number?
False
Is 18358507 composite?
False
Is 10881251 a prime number?
True
Is 47933201 composite?
True
Is 218368391 composite?
False
Is 1099363 composite?
False
Is 13678631 a composite number?
False
Is 61599722 prime?
False
Is 2090327 a composite number?
False
Is 3446423 prime?
False
Is 87558257 a prime number?
True
Is 1225153 composite?
False
Is 739283261 a composite number?
True
Is 49556531 a prime number?
False
Is 245821 prime?
True
Is 107637791 composite?
False
Is 7897517 composite?
False
Is 20431 a composite number?
False
Is 9717589 prime?
False
Is 630367301 a composite number?
True
Is 24317143 prime?
True
Is 43914593 prime?
False
Is 12258979 prime?
False
Is 76486681 a composite number?
True
Is 34487209 a prime number?
True
Is 25195341 prime?
False
Is 375167 composite?
True
Is 27782333 prime?
False
Is 187049273 prime?
False
Is 39851969 composite?
False
Is 527327 a prime number?
True
Is 271163 a prime number?
True
Is 499360811 a prime number?
True
Is 2775543 a prime number?
False
Is 59134 a prime number?
False
Is 43515877 a composite number?
False
Is 336652009 a composite number?
True
Is 19949723 composite?
False
Is 465870317 prime?
False
Is 2650081 a composite number?
True
Is 69549379 prime?
True
Is 85018319 composite?
False
Is 53912951 a composite number?
False
Is 18407517 a prime number?
False
Is 14580971 composite?
False
Is 1617479 a prime number?
False
Is 36782335 a prime number?
False
Is 1919231 a prime number?
True
Is 72828277 prime?
False
Is 150681 a prime number?
False
Is 5886977 a composite number?
True
Is 13671193 a composite number?
False
Is 5359271 prime?
True
Is 6250417 prime?
True
Is 15792383 a prime number?
False
Is 30484099 composite?
False
Is 1275991219 composite?
True
Is 1198382 prime?
False
Is 11981521 composite?
True
Is 29229569 a composite number?
False
Is 150092629 composite?
False
Is 1891103 a composite number?
False
Is 9234131 composite?
False
Is 4123387 composite?
False
Is 1160719049 composite?
True
Is 27578479 a prime number?
True
Is 280996549 a prime number?
True
Is 57527303 a prime number?
False
Is 115308197 composite?
False
Is 1804757 a composite number?
True
Is 17654557 prime?
True
Is 3073049 a prime number?
False
Is 136130609 a prime number?
False
Is 511813 composite?
True
Is 7823177 a composite number?
True
Is 30139971 a prime number?
False
Is 4675741 prime?
False
Is 2749517 a prime number?
False
Is 76901 a prime number?
False
Is 199895821 a prime number?
True
Is 57187769 prime?
True
Is 55084487 composite?
False
Is 14045345 prime?
False
Is 21739247 composite?
False
Is 480101717 prime?
True
Is 268786733 a prime number?
True
Is 3075013 prime?
True
Is 182401 a prime number?
False
Is 4503781 composite?
True
Is 41754109 a composite number?
True
Is 16529701 prime?
True
Is 142151 a prime number?
True
Is 1144961 prime?
False
Is 9258427 a composite number?
True
Is 263251793 a composite number?
True
Is 285697 a composite number?
False
Is 57400237 prime?
True
Is 15136063 prime?
True
Is 27915607 a prime number?
True
Is 1195861 a prime number?
False
Is 9483681 composite?
True
Is 99539069 prime?
False
Is 826110487 a composite number?
True
Is 7946195 a composite number?
True
Is 4985159 prime?
True
Is 3527158 composite?
True
Is 721921 composite?
False
Is 35185243 prime?
False
Is 15131047 composite?
True
Is 27639397 a prime number?
False
Is 30594121 a composite number?
False
Is 1806289 prime?
False
Is 21834047 prime?
False
Is 62018677 a composite number?
True
Is 118081313 prime?
False
Is 32161093 prime?
False
Is 69806647 composite?
False
Is 11212693 prime?
True
Is 338487863 a prime number?
False
Is 777241 composite?
False
Is 1781659 a composite number?
True
Is 1717097 prime?
False
Is 4718463 a composite number?
True
Is 6193777 a composite number?
True
Is 3613177 prime?
False
Is 14012929 prime?
False
Is 12265783 prime?
True
Is 3442849 a composite number?
False
Is 100307243 a prime number?
False
Is 68541859 a prime number?
True
Is 869579 a composite number?
False
Is 4175981 a prime number?
True
Is 593441 prime?
False
Is 48852487 composite?
False
Is 743881 prime?
True
Is 2468327 a prime number?
False
Is 788162111 a composite number?
True
Is 106772023 a composite number?
False
Is 10606273 a composite number?
True
Is 28318541 a composite number?
True
Is 2897929 prime?
False
Is 5131127 prime?
False
Is 2225459 composite?
True
Is 90538451 a prime number?
True
Is 2814683 a composite number?
False
Is 203377 prime?
False
Is 3099751 composite?
True
Is 19471261 a prime number?
False
Is 11454787 a prime number?
False
Is 1925633 a composite number?
True
Is 49335317 composite?
True
Is 27827911 a composite number?
True
Is 242909 a composite number?
True
Is 88774589 composite?
True
Is 32329439 composite?
False
Is 460604047 a composite number?
True
Is 1277623 prime?
False
Is 89687 a composite number?
True
Is 1339941 prime?
False
Is 84792857 a composite number?
False
Is 35410393 prime?
False
Is 15600841 composite?
True
Is 1077859 a composite number?
False
Is 28841035 composite?
True
Is 7232947 a prime number?
True
Is 144377 composite?
True
Is 11167027 prime?
True
Is 4159621 prime?
True
Is 16593637 composite?
False
Is 23561257 a prime number?
True
Is 27841903 a prime number?
False
Is 676031 composite?
False
Is 10079213 prime?
False
Is 1862797 a composite number?
False
Is 2609107 a composite number?
False
Is 195037391 a composite number?
False
Is 374903693 composite?
False
Is 247001 prime?
True
Is 2515109 prime?
False
Is 31761557 composite?
True
Is 146873053 prime?
True
Is 159890837 a composite number?
False
Is 2460209 composite?
True
Is 1096039 a composite number?
True
Is 39539 composite?
True
Is 1976831 composite?
False
Is 732943 composite?
False
Is 89809661 a composite number?
False
Is 6175373 prime?
True
Is 31090531 a composite number?
False
Is 2185881 a prime number?
False
Is 1924621 a composite number?
True
Is 1162567 a composite number?
True
Is 631817 a prime number?
True
Is 437546093 composite?
False
Is 128040691 a prime number?
True
Is 10367543 a composite number?
True
Is 557891 a prime number?
True
Is 3132691 a prime number?
False
Is 1565381 prime?
True
Is 24110195 prime?
False
Is 9588333 prime?
False
Is 9001885 a composite number?
True
Is 14490209 composite?
False
Is 310865579 composi